{"id":837,"date":"2018-08-29T18:40:00","date_gmt":"2018-08-29T21:40:00","guid":{"rendered":"https:\/\/isfd105-bue.infd.edu.ar\/sitio\/formacion-docente\/"},"modified":"2021-12-19T16:03:46","modified_gmt":"2021-12-19T19:03:46","slug":"formacion-docente","status":"publish","type":"page","link":"https:\/\/isfd105-bue.infd.edu.ar\/sitio\/formacion-docente\/","title":{"rendered":"FORMACI\u00d3N DOCENTE"},"content":{"rendered":"<p>Con una amplia trayectoria en la formaci\u00f3n de profesionales docentes desde el a\u00f1o de su creaci\u00f3n, en 1955, la Escuela Normal Superior \u00abDr. Mariano Etchegaray\u00bb &#8211; I. S. F. D. y T. N\u00b0 105 &#8211; de Ciudad Evita actualmente ofrece a la comunidad las siguientes Carreras de Formaci\u00f3n Docente:<\/p>\n<ul>\n<li>\n<h3><span style=\"color: #993366;\">Profesorado de Educaci\u00f3n Primaria<\/span><\/h3>\n<\/li>\n<\/ul>\n<p style=\"padding-left: 40px;\"><strong>Plan de Estudios: 4 a\u00f1os.<\/strong><\/p>\n<p style=\"padding-left: 40px;\"><strong>Egresan con el T\u00edtulo de Validez Nacional: Profesor\/a de Educaci\u00f3n Primaria.<\/strong><\/p>\n<p style=\"padding-left: 40px;\"><strong>El t\u00edtulo habilita para trabajar en Escuelas Primarias de todo el pa\u00eds.<\/strong><\/p>\n<ul>\n<li>\n<h2><span style=\"color: #993366;\">Profesorado de Educaci\u00f3n Inicial<\/span><\/h2>\n<\/li>\n<\/ul>\n<p style=\"padding-left: 40px;\"><strong>Plan de Estudios: 4 a\u00f1os.<\/strong><\/p>\n<p style=\"padding-left: 40px;\"><strong>Egresan con el T\u00edtulo de Validez Nacional: Profesor\/a de Educaci\u00f3n Inicial.<\/strong><\/p>\n<p style=\"padding-left: 40px;\"><strong>El t\u00edtulo habilita para trabajar en Jardines de Infantes y Jardines Maternales de todo el pa\u00eds.<\/strong><\/p>\n<ul>\n<li>\n<h2><span style=\"color: #993366;\">Profesorado de Educaci\u00f3n Especial<\/span><\/h2>\n<\/li>\n<\/ul>\n<p style=\"padding-left: 40px;\">El Profesorado de Educaci\u00f3n Especial tiene cuatro orientaciones.<\/p>\n<ul>\n<li style=\"list-style-type: none;\">\n<ul>\n<li>\n<h3><span style=\"color: #003300;\">Orientaci\u00f3n Intelectual<\/span><\/h3>\n<\/li>\n<li>\n<h3><span style=\"color: #003300;\">Orientaci\u00f3n Ciegos y Disminuidos Visuales<\/span><\/h3>\n<\/li>\n<li>\n<h3><span style=\"color: #003300;\">Orientaci\u00f3n Neuromotora<\/span><\/h3>\n<\/li>\n<li>\n<h3><span style=\"color: #003300;\">Orientaci\u00f3n Sordos e Hipoac\u00fasicos<\/span><\/h3>\n<\/li>\n<\/ul>\n<\/li>\n<\/ul>\n<p style=\"padding-left: 40px;\"><strong>En todas ellas los 2 primeros a\u00f1os de cursada son comunes a todas las orientaciones.<\/strong><\/p>\n<p style=\"padding-left: 40px;\"><strong>Plan de estudio: 4 a\u00f1os<\/strong><\/p>\n<p style=\"padding-left: 40px;\"><strong>El t\u00edtulo habilita para trabajar en Escuelas Especiales y en integraci\u00f3n en Escuelas Comunes de los niveles Inicial, Primario y Secundario de todo el pa\u00eds.<\/strong><\/p>\n<h4 style=\"text-align: center;\"><span style=\"color: #993300;\">\u00a1Un camino hacia tu formaci\u00f3n profesional!<\/span><\/h4>\n<p style=\"padding-left: 80px;\">\n","protected":false},"excerpt":{"rendered":"<p>Con una amplia trayectoria en la formaci\u00f3n de profesionales docentes desde el a\u00f1o de su creaci\u00f3n, en 1955, la Escuela Normal Superior \u00abDr. Mariano Etchegaray\u00bb &#8211; I. S. F. D. y T. N\u00b0 105 &#8211; de Ciudad Evita actualmente ofrece a la comunidad las siguientes Carreras de Formaci\u00f3n Docente: Profesorado de Educaci\u00f3n Primaria Plan de &#8230; <a title=\"FORMACI\u00d3N DOCENTE\" class=\"read-more\" href=\"https:\/\/isfd105-bue.infd.edu.ar\/sitio\/formacion-docente\/\" aria-label=\"More on FORMACI\u00d3N DOCENTE\">[+]<\/a><\/p>\n","protected":false},"author":1389,"featured_media":0,"parent":0,"menu_order":0,"comment_status":"closed","ping_status":"closed","template":"","meta":[],"acf":[],"_links":{"self":[{"href":"https:\/\/isfd105-bue.infd.edu.ar\/sitio\/wp-json\/wp\/v2\/pages\/837"}],"collection":[{"href":"https:\/\/isfd105-bue.infd.edu.ar\/sitio\/wp-json\/wp\/v2\/pages"}],"about":[{"href":"https:\/\/isfd105-bue.infd.edu.ar\/sitio\/wp-json\/wp\/v2\/types\/page"}],"author":[{"embeddable":true,"href":"https:\/\/isfd105-bue.infd.edu.ar\/sitio\/wp-json\/wp\/v2\/users\/1389"}],"replies":[{"embeddable":true,"href":"https:\/\/isfd105-bue.infd.edu.ar\/sitio\/wp-json\/wp\/v2\/comments?post=837"}],"version-history":[{"count":8,"href":"https:\/\/isfd105-bue.infd.edu.ar\/sitio\/wp-json\/wp\/v2\/pages\/837\/revisions"}],"predecessor-version":[{"id":1132,"href":"https:\/\/isfd105-bue.infd.edu.ar\/sitio\/wp-json\/wp\/v2\/pages\/837\/revisions\/1132"}],"wp:attachment":[{"href":"https:\/\/isfd105-bue.infd.edu.ar\/sitio\/wp-json\/wp\/v2\/media?parent=837"}],"curies":[{"name":"wp","href":"https:\/\/api.w.org\/{rel}","templated":true}]}}